- 3*g - 6. Let m be -3*(-6 - -3)*12/(-9). Let n be m + 12 + (-2)/2*3. List the prime factors of i(n).
3, 13
Let n = 9959 - 4591. What are the prime factors of n?
2, 11, 61
Let k(d) = 23*d + 4. Let h be k(0). Suppose -h*f - 2*a + 2270 = -a, 0 = 4*f - 2*a - 2276. What are the prime factors of f?
2, 71
Suppose 2*p + 116 = -450. Let h be p/(45/(-10) + 5). What are the prime factors of (-1 + -6 - -6)/(2/h)?
283
Suppose 192809 = 12*o + 11*o. List the prime factors of o.
83, 101
Let g(y) = -y**3 + 86*y**2 - 50*y - 120. List the prime factors of g(85).
5, 571
Let j(q) = q**3 + 3*q**2 - 7*q - 10. Let u be j(-4). Suppose -u*p - 23 = -19. What are the prime factors of 4/8*(p + 0) - -127?
2, 3, 7
Let v be 1738 - (8/4 + 1 + 2). Let l = v + -425. What are the prime factors of l?
2, 3, 109
Suppose 116*n + 101*n - 6275262 = -2047017. What are the prime factors of n?
3, 5, 433
Suppose -4*m = 3*n - 39693, 5*n = -3*m + 24227 + 5529. Suppose -2047 = 8*h - m. What are the prime factors of h?
5, 197
Let g = 192 + -184. Suppose -g*x + 15*x - 2289 = 0. List the prime factors of x.
3, 109
Let u(n) = -n**3 + 12*n**2 - 20*n + 5. Let r be u(10). Let c = r + -1. Suppose -5*f = 4*q - 648, -f - c*f + 666 = -2*q. List the prime factors of f.
2, 3, 11
Let v(d) = -2 + 3*d + 7*d - d. Let k(u) = 17*u - 5. Let m(p) = 4*k(p) - 7*v(p). List the prime factors of m(10).
2, 11
List the prime factors of 2 + -4*(2/24)/(28/(-7023828)).
3, 19, 163
Let g(v) = v**2 + 1. Let d(b) = 13*b**2 - 16*b - 18. Let x(k) = d(k) - 4*g(k). Let z(u) be the first derivative of x(u). List the prime factors of z(7).
2, 5, 11
Let t = -166 + 162. List the prime factors of t/1 - (-1273 + 100).
7, 167
Suppose 9*d - 8*d = 5*f - 111543, -6*f - 4*d + 133862 = 0. List the prime factors of f.
7, 3187
Let q = -17702 - -29166. List the prime factors of q.
2, 1433
Let f(m) be the first derivative of 14*m**3/3 - 8*m**2 - 34*m - 115. List the prime factors of f(10).
2, 3, 67
Let c be 4 + (23 - 54/9). Suppose 4*k + 4250 = c*k. List the prime factors of k.
2, 5
Let d(t) = -23*t**3 - 4*t**2 + 4*t - 2. Let u(f) = 24*f**3 + 3*f**2 - 3*f + 1. Let j(v) = -3*d(v) - 4*u(v). What are the prime factors of j(-4)?
2, 5, 173
Let p(w) = 13*w + 2. Let i(d) = 12*d + 1. Let y be (-2)/2*(-3 - -6). Let b(x) = y*p(x) + 2*i(x). What are the prime factors of b(-13)?
191
Let c(j) = 20 + 170*j + 18 + 20 - 68 - 7*j**2. List the prime factors of c(19).
3, 7, 11
Suppose -g = -40 + 37. Suppose -5*z = -g*k + 1018, -3*k - 3*z + 591 + 435 = 0. What are the prime factors of k?
11, 31
Let z(j) = j**3 - 4*j**2 - 19*j + 42. Let h be z(6). Let g be (-2)/6*0 + 0. Suppose -5*v + 3*b + h*b + 890 = 0, g = -b. What are the prime factors of v?
2, 89
Suppose -53*w - 84177 + 868365 = 0. List the prime factors of w.
2, 3, 137
Suppose 3*b = -3*x + 20 + 73, 113 = 3*x - 2*b. Suppose -4*o = -s + x, -2*s + 3*o + 35 + 25 = 0. List the prime factors of (s - (-4 + 8)) + -4.
19
Suppose 3*u + 80 = -3*b - 25, -4*u = -5*b - 157. Let v = b - -72. Let j = v - 14. What are the prime factors of j?
5
What are the prime factors of (-9 - -8036 - 11)*3/6?
2, 3, 167
List the prime factors of ((-49186)/(-32) - 105/1680)*22.
2, 11, 29, 53
Let f(a) = -a**3 - a**2 + a - 2. Let n(x) = 2*x**3 + 11*x**2 + 12*x + 24. Let c(d) = 3*f(d) + n(d). List the prime factors of c(8).
2, 3, 23
List the prime factors of 18318/2 + (33 - 26) + 3.
53, 173
Let z = -455 - -465. List the prime factors of 25*(558/z - 5).
2, 5, 127
Let r(i) = 294*i**2 - 15 + 5 + 4*i + 168*i**2 - i + 4*i. List the prime factors of r(2).
2, 463
Let d = 28134 - 17105. What are the prime factors of d?
41, 269
Let j(k) be the second derivative of 2*k**3 + 4*k**2 + k. Let q = -2822 + 2827. What are the prime factors of j(q)?
2, 17
Suppose 212 = 2*i + 200. Let m(q) = -4*q + 38. Let v be m(i). List the prime factors of (-58)/(-20)*v + (-4)/(-10).
41
Let p = -1001 + 7896. Suppose 15*x = 8*x + p. List the prime factors of x.
5, 197
Suppose -2*q = 4*k - 174, 2*k - 68 - 23 = 3*q. Let g = k - 9. Let l = g - -35. What are the prime factors of l?
2, 5, 7
Let j = 580 + -171. Let y = 778 - j. What are the prime factors of y?
3, 41
Let p be 18/(-4)*(-6)/9. Let v(f) = 2*f**2 - 11*f - 78. Let q be v(-4). What are the prime factors of 8/q + 11 + p?
2, 5
Let o(x) be the second derivative of x**5/20 - 5*x**4/4 + 7*x**3/6 + 31*x**2 + 5*x - 2. What are the prime factors of o(18)?
2, 5, 29
Let x(o) = -2*o**2 - o + 12. Let t be x(-5). Let k = t - -8. List the prime factors of (188/(-5))/((60/k)/6).
2, 47
Let x(r) = 0*r - 9*r + 15 - r**2 - 21. Let l be x(-9). Let i(a) = -5*a + 7. What are the prime factors of i(l)?
37
Let v = -620 + 1314. Suppose r + 2*c = v, -3*c = -41*r + 45*r - 2781. List the prime factors of r.
2, 3, 29
Let d be -4 + (-185)/(-10) + 1/2. Suppose -14*m + d*m = 98. Let n = m + -47. List the prime factors of n.
3, 17
Suppose 2*u + a = 10, 2*u - 5*u - a = -13. Suppose 3*q = g + 1301, 4*q - g - 1728 = -u*g. List the prime factors of q.
433
Let x(v) = -v**3 - 5*v**2 + 11*v - 18. Let p be x(-10). What are the prime factors of ((-837)/p)/(1/(-372))?
3, 31
Suppose -2*q + 40430 = 3*r, -4*r + 53945 = 36*q - 41*q. List the prime factors of r.
2, 5, 337
Suppose h - q + 4 = -3*q, 0 = -h - 5*q + 2. List the prime factors of 12292/8 + (-20)/h.
3, 19
Let j = 25 - 37. Let t = 12 + j. List the prime factors of (-16 - -16) + (t - -42).
2, 3, 7
Let y = -432 + 688. What are the prime factors of ((-60)/5 - -8) + y?
2, 3, 7
Let p(y) be the second derivative of y**4/2 - 5*y**3/2 - 49*y**2/2 - 4*y. Let b be p(-8). Suppose 109 = 3*q - b. List the prime factors of q.
2, 47
Let s = -104 + 115. Suppose s*d - 943 - 1257 = 0. What are the prime factors of d?
2, 5
Suppose -18399 = -6*s + 231369. List the prime factors of s.
2, 3, 3469
Let o(t) = 19*t**2 - 16*t + 32. Suppose 43*u - 120 = 31*u. List the prime factors of o(u).
2, 443
Let q(g) = g**2 + 4. Let d(n) = -n**3 - 26*n**2 + 71*n - 54. Let k(h) = -d(h) - 6*q(h). List the prime factors of k(-22).
2, 3, 13
Suppose 302*d = 287*d + 262035. What are the prime factors of d?
3, 647
Suppose -168*w + 1544758 = 101974. List the prime factors of w.
2, 19, 113
Suppose 1979 = 3*q + 2051. List the prime factors of (-32)/q*687/2.
2, 229
Let s(y) = -225*y + 7188. What are the prime factors of s(-124)?
2, 3, 17, 43
Let v = -1141 - 784. Let u = v + 3553. What are the prime factors of u?
2, 11, 37
List the prime factors of 351624/208*(-84)/(-9).
2, 7, 23
Let w be 13/5 - (-5)/(-25)*3. Let x(q) be the third derivative of 11*q**6/120 - q**5/20 + 5*q**4/24 - q**3/3 - 18*q**2. What are the prime factors of x(w)?
2, 3, 7
Let w = -3437 + 6753. Suppose 4*n = -4*p + w, -2*n = 3*p + 3*n - 2481. List the prime factors of p.
2, 13
Suppose 3*m - 64725 = -2*m - 5*q, 3*q + 15 = 0. What are the prime factors of m?
2, 5, 7, 37
Suppose 46 = -207*s + 209*s. Suppose 2*a = 5*l + 2089, 20*a + 3120 = s*a - 3*l. List the prime factors of a.
17, 61
Let u = -87 + 189. Suppose -w + 5*w + 3*f - 83 = 0, -5*w + u = 2*f. List the prime factors of w.
2, 5
Let k be 18/21 + -1 - 174/(-42). Suppose g - 8 + 37 = d, 5*g = -k*d + 125. Suppose -p = 3*m - 43, 2*p + 5*m = 58 + d. List the prime factors of p.
7
Let r(w) = -w**2 - 11*w - 6. Let p = -36 + 26. Let g be r(p). Suppose 4*o = -4*a + 344, g*a - 3*o - 176 - 189 = 0. List the prime factors of a.
89
Suppose j = 4, 24*j + 7 = 5*a + 22*j. Suppose -4*b - b = -2*v + 824, a*b - 808 = -2*v. What are the prime factors of v?
11, 37
What are the prime factors of 550666/92 + 3/(-2)?
2, 11, 17
Let j be (5/10)/(-1)*-8. Suppose -3*h = 4*u + h + 140, 0 = -j*u - 3*h - 143. Let g = u + 56. What are the prime factors of g?
2, 3
Let u = 5727 - -1243. What are the prime factors of u?
2, 5, 17, 41
Let p(b) = 7*b**3 - b**2 + 10*b + 1. Let n be p(4). Suppose -71 = -a - n. Let r = -253 - a. List the prime factors of r.
149
Suppose -5*o + 90 - 30 = d, 0 = -d. What are the prime factors of (5 - 3384/16)/((-3)/o)?
2, 7, 59
Let h = -100 + 108. Let w be (-896)/(-18) - h/(-36). What are the prime factors of (w/(-35) - -1) + 2190/14?
2, 3, 13
Suppose -39*q + 41*q = 10. Suppose -q*f + 0*f - 688 = -2*z, -2*f = z - 335. What are the prime factors of z?
3, 113
Let w(k) = -k**3 + 6*k**2 + 26*k + 68. What are the prime factors of w(-17)?
3, 17, 41
Le